 -2*w**3 - 26*w**2 - w - 4. Let i(j) = 3*j**3 + 20*j**2 + j + 3. Let p(x) = -3*d(x) - 4*i(x). Determine p(-2).
42
Let u = -18 + 18. Suppose -g + j = -11, 0 = -u*j + 3*j + 6. Let i be (g + 1)*(-14)/(-105)*3. Let s(k) = -k**2 + 2*k + 5. What is s(i)?
-3
Let q(y) = -y + 1. Let m(w) = 5*w + 3. Suppose 4 = 6*t - 2*t. Let a(i) = t*m(i) + 6*q(i). Suppose 32 = 4*k - 3*s - 7, 2*k - 5*s = 37. What is a(k)?
3
Let x(b) = 3*b**3 + 2*b**2 + 10*b + 15. Let m = 3077 + -3079. Calculate x(m).
-21
Let x(f) be the second derivative of f**4/12 + 11*f**3/3 + 21*f**2 + 2516*f. What is x(-20)?
2
Let h(t) be the third derivative of 7*t**4/24 - 10*t**3/3 + 21*t**2. Let n(w) = -w. Let a(o) = h(o) + 4*n(o). Determine a(9).
7
Let u(f) be the second derivative of -f**3/6 + 3*f**2/2 + 15*f. Suppose -3*a + 5 = 4*l, 0*l - l = -3*a + 10. Determine u(a).
0
Let s(c) = -c**2 - 2*c + 49. Suppose 0 = 4*v + 3*w + 56 - 79, 36 = 6*v + 4*w. What is s(v)?
-31
Let u(o) be the third derivative of 1/3*o**6 + 0*o**5 + 2*o - 65*o**2 + 1/6*o**3 + 0 + 1/12*o**4. What is u(-1)?
-41
Let d(w) be the third derivative of -w**5/60 + w**4/12 - 11*w**3/6 + 6751*w**2. Give d(-12).
-179
Let c(t) = 11*t - 7*t + 1 - 6*t + 0*t. Let n(h) = h - 1. Let w(x) = -2*x**2 + 3*x - 2. Let o(l) = 2*n(l) - w(l). Let k be o(-1). Give c(k).
-5
Let s(d) = -4*d - 3*d + 4*d**3 + 456 - 440 + 18*d**2. Let g be s(-5). Let l(u) = -33*u. Calculate l(g).
-33
Let a = 50 - 53. Let i(v) = v - 8. Let p(d) = 3*d - 8. Let w(h) = a*i(h) + 2*p(h). Let k = 21 + -27. Give w(k).
-10
Let c = -396 - -727. Suppose 0 = -6*t - 355 + c. Let o(h) = -2*h - 5. Determine o(t).
3
Let l(k) = k**3 + 5*k**2 - 3*k - 3. Suppose 10 = 3*n - 5. Suppose -4*m + 2 = -2*z, -3*z + 4*z + n*m = 34. Suppose -14 + z = x. Give l(x).
12
Suppose -68*h = -65*h + 27. Let d(i) = i**2 + 6*i - 7. Calculate d(h).
20
Let a(y) = -9*y**2 - 5*y - 7. Let t be a(-2). Let m be 6/(-1) - (t - -34). Let z(d) = -d**2 - 7*d. Determine z(m).
0
Let j(i) be the first derivative of 1/3*i**3 + i + 11/2*i**2 - 206. What is j(-12)?
13
Let f(t) = t**3 + 5*t**2 + 3*t + 4. Let k(n) = 9*n**3 - 3*n**2 + 3*n - 3. Let s be k(2). Let q = 67 - s. Suppose -5 = -3*u + q*u. Give f(u).
-11
Let y(n) = -n**2 - 16*n - 51. Suppose -2*j = -m + 20, 2*j + 5*m = -j - 56. Give y(j).
-3
Let d(s) = -2*s**3 - 21*s**2 - 3*s + 11. Let v(a) = 543*a + 1619. Let y be v(-3). What is d(y)?
-59
Let y = -3606 - -3610. Let c(q) be the first derivative of -1/3*q**3 + 5 + q + 5/2*q**2. Determine c(y).
5
Let l = -67 - -72. Suppose 20 = 3*p + v, 0 = 4*p + l*v - 3 - 42. Let o(m) = -m**3 + 6*m**2 - 6*m + 6. Give o(p).
1
Let c be ((-18)/(36/(-12)))/(-3). Let n(w) = 1 - 3*w - 2*w - 2 + w**3 + 2*w. Determine n(c).
-3
Let o(f) = -f**2 + 28*f + 85. Let x be 10/6*(-1287)/715. Calculate o(x).
-8
Suppose -180 + 189 = 3*r. Let t(i) = -66 + 31 + 0*i**r - i**3 + 5*i**2 + 32. Let s(p) = 2*p**3 - 4*p**2 + 3*p - 1. Let c be s(2). What is t(c)?
-3
Let m be 2*-3*1/2. Let w(t) = -6*t + 908 - 452 - 453. What is w(m)?
21
Let b(p) = -p**2 + 2*p + 5. Let f be (4/(-8) - (0 + 0))*0. Suppose f = -4*d + 3*m + 5, -1 = 3*d - 5*m + 9. Give b(d).
-10
Let w(a) = 13*a**2 - 9*a - 34. Let n(p) = 36*p**2 - 28*p - 95. Let s(m) = 4*n(m) - 11*w(m). Calculate s(14).
8
Let a be (11 + 7)*-1*2/(-6). Let c(t) = -115*t**2 + a + 9*t - 6*t + 114*t**2. Suppose -6*y + y - 4*g + 21 = 0, 0 = 5*y - g - 26. Give c(y).
-4
Suppose v - 625 = -4*v. Let r = -571 - -452. Let n = r + v. Let w(m) = -m**2 + 8*m - 3. What is w(n)?
9
Let o(z) be the first derivative of 4*z**2 + 33*z + 2475. What is o(-2)?
17
Let k(j) = 3*j**2 + 5*j - 10. Let u(v) = -7*v + 191. Let w be u(28). Determine k(w).
40
Let m(w) = 1 + 6*w**2 - 14*w**2 - 7 + w**3 + w + 7*w. Let f be (28 + -22)*(-9)/108*-14. Give m(f).
1
Let x = -211 - -214. Let n(q) = 670*q - q**2 - 673*q - 3 - x*q**2 + 2*q**3 + q**2. Suppose 5*r - 3 - 12 = 0. Determine n(r).
15
Let v(l) = -11584*l**2 - 12*l - l**3 + 11573*l**2 + 6*l + 6. What is v(-9)?
-102
Let b(m) be the second derivative of -m**4/12 + 11*m**3/2 - 50*m**2 + 1407*m. Calculate b(29).
16
Let q(a) = -2*a**2 - a - 2. Let d(b) be the second derivative of -b**4/12 - 41*b**3/6 - 73*b**2 - 73*b. Let l be d(-37). Determine q(l).
-12
Let c(s) be the second derivative of -s**3/3 + 53*s**2/2 + 2046*s. Determine c(17).
19
Let k(y) = -y - 4. Let p be k(-2). Let x be 1 - ((-2)/p - 2). Let n(t) = -x*t**3 + 4*t**2 + 3*t**3 - 2*t + 0*t**2 + 0*t**2. Give n(-4).
8
Let k(w) = -2*w**3 + w**2 + w. Let u be 0 + (0 - 10/5). Let o be (u - -1*2) + (-23 - -25). Determine k(o).
-10
Let w = -189 + 174. Let g be w/6 - (-16)/32. Let c(h) be the third derivative of h**6/120 - h**5/30 - h**4/6 - h**3/2 + 2*h**2. What is c(g)?
-11
Let o = -331 + 708. Let n = 387 - o. Let q(m) = -m**2 + 12*m - 12. Calculate q(n).
8
Let f = 738 + -349. Let a = 391 - f. Let r(q) = -2*q**2 + 2*q - 2. Determine r(a).
-6
Let g = -42 - -44. Suppose 3*j + g*j - 60 = 0. Let d(o) = 6*o + j - 13 + 0*o - o**2. What is d(3)?
8
Let d(t) be the first derivative of t**3/6 + 3*t**2/2 - 97*t + 10. Let m(x) be the first derivative of d(x). Give m(-8).
-5
Let c(x) = x - 4. Suppose 82 = 4*h + 78. Let y be (4*(-21)/(-14))/(h/1). Give c(y).
2
Let y(u) be the third derivative of 4 - 1/24*u**4 + 0*u + 2*u**2 - 5/2*u**3. Determine y(-15).
0
Let k be (57 + -5)/2 + (-4 - -3). Let f(a) = 52*a**2 - 26*a**2 - k*a**2. Determine f(1).
1
Let c(i) = -28*i + 103. Let b(z) = z - 15. Let x(a) = -6*b(a) - c(a). Give x(1).
9
Suppose 242*v = 238*v - 4, 34 = -3*m + 2*v. Let h(r) = 2*r**3 + 23*r**2 - 15*r + 4. Give h(m).
40
Let r(i) = -i**3 - 30*i**2 + 30*i - 26. Let z(j) = 2*j**3 - 25*j**2 + 49*j - 21. Let u be z(10). Give r(u).
5
Let p(g) = -g**3 + g**2 + 3*g + 3. Let j be p(3). Let o(l) be the third derivative of -1/6*l**4 + 0 + 2/3*l**3 - 15*l - 2*l**2 - 1/60*l**5. Give o(j).
-8
Let z = -314 + 336. Let l be (44 + -42)*z/(-4). Let p(d) = -d**2 - 10*d + 6. What is p(l)?
-5
Let z(h) be the third derivative of -h**5/12 - h**4/24 - 5*h**3/2 + 1603*h**2 - 3*h. Determine z(5).
-145
Let t(u) = 2*u**2 - 12 + 1 - 31 + 34 - 41 + 45*u. What is t(-22)?
-71
Let g = 297 - 303. Let q(h) = 5*h + 38. Let w be q(g). Let d(x) = -2*x - 10. Calculate d(w).
-26
Suppose 2*a + 4 - 6 = 0. Suppose 0 = -7*i + 58 - 16. Let f(y) = y - 2*y + y - i*y. Determine f(a).
-6
Let k(m) = -7*m - 105. Let r(a) = -2*a - 54. Let p(u) = -8*k(u) + 20*r(u). What is p(15)?
0
Suppose 15*l + 11 = 11 - 60. Let q(f) = -f**3 - 4*f**2 - 10*f - 3. What is q(l)?
37
Let m = -5 + 8. Suppose 5*l + 120 = 2*o + o, -4*o = -m*l - 72. Let u = l + 18. Let v(p) = p - 2. What is v(u)?
-8
Let r(x) = 7*x**3 - 11*x**2 + x + 1. Let b(h) = 20*h**3 - 32*h**2 + 3*h + 2. Let j(g) = -6*b(g) + 17*r(g). Let i = 3088 - 3083. Determine j(i).
0
Suppose -20 = 4*x, 16*l + 5*x + 40 = 21*l. Let v(j) = 11*j**l - j - 92 + 83 + 16*j**2 - 10*j**3 - 2*j**2. What is v(-14)?
5
Suppose 3 = 3*h + f, h = 5*f + 27 - 42. Let p(r) be the second derivative of 5/2*r**2 - 1/12*r**4 + 0*r**3 + h - 15*r. Calculate p(4).
-11
Let o(m) = m**2 + 14*m - 1. Let t be o(0). Let f(j) = -29*j - 7. Calculate f(t).
22
Let o(s) be the third derivative of s**4/8 - s**3/2 + 166*s**2 - 6*s. Suppose 4*p + 4*a = a + 11, -6 = -2*p - 2*a. Give o(p).
3
Let i(g) = -g**2 - 6*g - 9. Suppose 15 = -2*t - 6*u + u, 0 = -t + 2*u - 12. Let h be 10*(6/t)/(3/4). Determine i(h).
-25
Let l = -370 + 373. Suppose l*b + 17 = 5. Let r(n) = -n**3 - 3*n**2 + 4*n - 5. Determine r(b).
-5
Suppose -7*b + 133 = 12*b. Let d(v) = -48*v + 0 + v**2 + b + 30*v + 30*v. What is d(-11)?
-4
Let z(b) = 2*b - 6. Let o(v) = -v**2 + 8*v - 11. Let d be o(5). Suppose 3*c = 5*q + 2, 3*q = -d*c + q + 20. Determine z(c).
2
Let f(x) = -1. Let g(q) = 2*q. Let l(d) = -f(d) - g(d). Suppose -190 = -2*r + 2*z - 6*z, -194 = -2*r - 3*z. Let a = 104 - r. Determine l(a).
-1
Let i be ((-322)/(-184))/(2373/2372 + -1). Let l(x) = 1 + 4161*x + 2 - i*x + x**2. Determine l(-9).
-6
Let x(q) be the second derivative of -q**5/20 + 2*q**4/3 - 7*q**3/6 + 5*q**2/2 - 2*q + 26. Suppose -4*a + 57 = -55. Let k = a - 21. What is x(k)?
5
Let a(x) = 5*x**2 - 2. Let z(p) = -25*p + 354. Let h be z(14). Suppose -3*r = -3*c + 15, c + 2 = -h*r - 8. Calculate a(c).
18
Let r(m) = 19*m - 20. Let j = 2489 + -2487. Give r(j).
18
Let s(a) be the third derivative of a**6/1